NOAA-Style Climate Reports
Report for 2024 April
Daily NOAA report MONTHLY CLIMATOLOGICAL SUMMARY for APR. 2024 NAME: Smyth Wx CITY: Whitetop STATE: Virginia ELEV: 3160 LAT: 036:36:05 LONG: 0081:32:17 TEMPERATURE ( °F), RAIN (in.), WIND SPEED (mph) HEAT COOL AVG MEAN DEG DEG WIND DOM DAY TEMP HIGH TIME LOW TIME DAYS DAYS RAIN SPEED HIGH TIME DIR -------------------------------------------------------------------------------------------------------- 01 61.5 073.0 15:20 49.3 00:33 03.4 00.0 00.00 00.0 13.8 03:24 W 02 63.9 076.8 16:56 53.5 00:02 01.1 00.0 00.00 00.0 17.3 16:31 WSW 03 50.5 061.2 00:01 35.8 00:00 14.5 00.0 00.61 00.1 13.8 15:37 WNW 04 35.1 039.9 14:59 32.0 08:39 29.8 00.0 00.17 00.1 16.1 09:19 WNW 05 34.3 038.7 18:05 31.6 07:08 30.7 00.0 00.00 00.1 11.5 23:44 NW 06 36.9 049.2 16:59 29.7 00:00 28.1 00.0 00.01 00.2 28.8 10:38 WNW 07 43.1 067.3 16:04 24.6 07:31 21.8 00.0 00.00 00.0 12.7 13:55 NW 08 50.9 063.5 12:18 42.2 00:12 14.1 00.0 00.03 00.0 08.1 11:44 SSW 09 49.1 053.5 14:55 43.9 05:48 15.9 00.0 00.57 00.0 13.8 15:38 WSW 10 54.4 063.5 14:09 47.3 06:35 10.5 00.0 00.07 00.1 16.1 23:49 SSE 11 57.8 062.6 16:14 52.2 23:59 07.1 00.0 01.43 01.0 16.1 16:44 ENE 12 44.9 052.3 00:02 38.2 23:59 20.1 00.0 00.75 01.2 26.4 12:41 NW 13 47.7 062.1 17:06 37.9 02:42 17.3 00.0 00.10 00.8 19.6 16:37 NNW 14 58.6 075.0 16:12 42.1 01:55 06.4 00.0 00.00 00.4 23.0 17:33 NW 15 63.7 079.7 16:58 52.0 07:20 01.3 00.0 00.00 00.1 11.5 17:44 SW 16 60.6 074.6 11:38 52.2 00:00 04.3 00.0 00.52 00.0 06.9 12:25 S 17 60.1 072.5 15:33 49.1 03:17 04.9 00.0 00.02 00.1 17.3 16:54 SSW 18 62.8 077.3 16:43 50.9 00:00 02.2 00.0 00.00 00.1 14.9 12:05 SW 19 57.7 067.4 15:12 48.4 02:24 07.2 00.0 00.25 00.0 05.8 09:40 SW 20 53.5 061.5 17:08 42.5 00:00 11.4 00.0 00.01 00.0 13.8 15:56 W 21 43.6 047.5 17:33 38.1 21:47 21.4 00.0 00.07 00.0 11.5 17:35 WNW 22 41.5 056.3 17:04 28.4 07:43 23.4 00.0 00.01 00.1 16.1 15:22 WSW 23 47.9 068.0 17:10 29.9 06:39 17.0 00.0 00.00 00.1 19.6 16:38 SW 24 52.4 063.0 17:12 43.5 00:32 12.5 00.0 00.05 00.0 10.3 05:09 WNW 25 49.6 069.0 16:36 34.2 07:01 15.4 00.0 00.00 00.0 10.3 15:02 WNW 26 50.9 061.3 14:23 40.3 02:15 14.0 00.0 00.00 00.0 09.2 13:44 E -------------------------------------------------------------------------------------------------------- 51.3 (52.0) 79.7 day 15 24.6 day 07 355.6 000.0 04.67 00.2 28.8 day 14 W Min < 86: 26 Max Rain: 1.43 ON 11-04-24 Days of Rain: 16 (> .008in) 8 (> .08in) 1 (> 0.8in)